 -27*b = -23*b - 4*c - 8816, -3*c = -3. What is the thousands digit of b?
2
Let d = 17 + -11. Suppose -d*v = -v. Suppose v*y + 46 = 2*y. What is the tens digit of y?
2
Suppose 4*n - 2010 = -n. What is the hundreds digit of n?
4
Suppose 2*f = 22 + 4. Suppose -2*m + f = m + n, 4*m - 2*n = 24. Suppose m*g - 4*g = 34. What is the units digit of g?
4
Let t be (-45)/(-6)*8/3. Suppose 3*q - 92 + t = 0. Let d = -17 + q. What is the units digit of d?
7
Let k(o) = 2*o + 5. Let z be k(-9). Let w = z + 15. Suppose w*l - 28 = l. What is the units digit of l?
8
Let t = 13 + -21. Let q(v) = -9*v - 6*v + 5*v - 2 - 129*v**2 + 128*v**2. What is the units digit of q(t)?
4
Let x(l) = 2 - 16 + 1 - 3*l - 7. Let a be x(-8). Suppose 5*k - a*b = 156, 3*k - 7 - 86 = 3*b. What is the tens digit of k?
3
Let x = 77 - 61. Suppose -x = 4*i, 70 = 3*y - y + i. What is the units digit of y?
7
Let a be (-13)/(-3) - 3/9. Suppose 0 = a*f - 4*n - 108, -2*f + 139 = 3*f - n. Let s = 49 - f. What is the units digit of s?
1
Let f be 4/6 - (-120)/(-18). What is the units digit of (2 - (-14)/f) + 1908/54?
5
Suppose -2*n - 162 = 7*n. What is the tens digit of 9/(n/4) + 41?
3
Suppose 4*v + 2432 = 4*n, -3*n + 4*v - 389 = -2212. What is the units digit of n?
9
Let r be (-1 + 9)*5/10. Let w(d) = d + 5. What is the units digit of w(r)?
9
Let i(k) = k + 3. Let b be i(-1). Let d be 2408/24 + b/(-6). Suppose 6*f = 2*f + d. What is the units digit of f?
5
Let g(u) = -u**3 + 13*u**2 + 72*u + 24. What is the units digit of g(17)?
2
Let u be (-2)/(-8) + (-60)/(-16) - -1. Suppose 0 = -u*y - y + 516. What is the units digit of y?
6
Let c = -95 - -81. What is the units digit of (72/c)/(6/(-147))?
6
Suppose 36 = 4*d - 8. Suppose 241 + 287 = d*y. What is the tens digit of y?
4
Let b(q) = -4*q**2 - 6*q - 8. Let j(r) = -r**3 - r**2 + r + 1. Let a(x) = b(x) + j(x). What is the tens digit of a(-6)?
5
Let i = 50 - 40. Let d be (448/(-35))/((-4)/i). Suppose -c + 36 = -d. What is the units digit of c?
8
Let b = 430 + 40. What is the tens digit of b?
7
Let n(t) be the first derivative of -3 + 3*t + 2/3*t**3 + 7/2*t**2. What is the tens digit of n(-6)?
3
Let o be (-3)/((-1)/2 - 1). Let h(r) = -2*r + 2 - 3*r - r**3 + o - 4*r**2. What is the tens digit of h(-4)?
2
Suppose -9*k + 2332 = -2321. What is the units digit of k?
7
Suppose -5*k = -3*l - 13, -2 = -2*k + 8. Suppose -l*c + 324 + 339 = 3*n, 0 = -c + n + 164. What is the tens digit of c?
6
Suppose 3*j - 16 = -j, j + 764 = x. What is the tens digit of x?
6
Let n(h) = h**2 - 34*h - 4. What is the hundreds digit of n(40)?
2
Let s(p) = -7 + 14*p - 39 - 2 + 29*p. What is the tens digit of s(8)?
9
Suppose 0*v - j = -4*v - 15, -5*v + 2*j = 21. Let r(k) = -15*k + 4. What is the tens digit of r(v)?
4
Let n = -92 + 113. Let w = 105 + n. What is the units digit of w?
6
Let t be 237/18 - (-2)/(-12). Let p = t + -11. What is the units digit of 2/(3/39*p)?
3
Let a = 48 - 68. What is the tens digit of (-790)/(-8) - 1*5/a?
9
What is the units digit of ((-44)/8)/((-6)/288)?
4
Suppose 11*m = -246 + 631. Let t = -1 + m. What is the units digit of t?
4
Let a(b) = -22*b - 5. Let k = -20 + 18. Let l be 1*(-3 - k/2). What is the tens digit of a(l)?
3
Let v be ((100/15)/5)/(4/(-42)). Let r(q) = q**3 + 14*q**2 - 13*q - 27. What is the hundreds digit of r(v)?
1
Suppose 16 = -8*g + 6*g. Let k = g - -5. What is the units digit of (k + 0)*1 - -5?
2
Let s(p) = -49*p - 185. What is the tens digit of s(-18)?
9
Let n(j) = j**2 + j + 2. Let x be n(0). Suppose 7*v - 736 = x*v - 2*l, -2*l = 2*v - 292. What is the hundreds digit of v?
1
Let k be (3 + -3)*-1 - 0. Suppose -5*x + x + 56 = k. Suppose -4*t + x = -3*t. What is the units digit of t?
4
Let f = -90 + 102. What is the tens digit of 7 + (-90)/f - 279/(-2)?
3
Let b(h) = -11 + 6*h - h**2 - 6 - 27*h - 2*h. What is the units digit of b(-16)?
5
Let k(i) = 25*i**2 + 9*i + 4. What is the tens digit of k(-2)?
8
Let x be 5/(-2)*(-10)/(-5). Let p = -1 - x. What is the units digit of 74/6 + p/(-12)?
2
Let d(x) = x**3 + 13*x**2 - 12*x + 17. Suppose -5*v - 60 = -4*w - 7, -2*v - 4*w = 38. What is the hundreds digit of d(v)?
1
Let n be 12/8*100/15. Suppose -5*w + n*w - 290 = 0. What is the tens digit of w?
5
Let n(d) = d**3 + 42*d**2 - 102*d + 16. What is the hundreds digit of n(-44)?
6
Let v be 1/((0 - 2)/(-8)). Suppose 0 = -4*x + c + 545 + 121, v*c = -x + 158. What is the tens digit of x?
6
Let h = -22 - -26. Suppose -z - 138 = -h*z. What is the tens digit of z?
4
Suppose -4*n - 30 = n. Let r be (-1 + 4)/(2/n). Let m = r - -13. What is the units digit of m?
4
Suppose -69*q + 112077 = 18927. What is the thousands digit of q?
1
Let h = -74 + 78. Suppose -299 = -h*a + n, -n + 3 = 2*n. What is the units digit of a?
5
Let u = -36 - -57. Suppose -2*w - 2*w - 3*z = -36, -16 = -4*z. Suppose -u = -3*b - w. What is the units digit of b?
5
Let v = 1071 - 491. What is the hundreds digit of v?
5
Let q(p) = -5*p + 205. What is the units digit of q(0)?
5
Suppose -u + 3 = 2*u. Let h = u - -97. What is the units digit of h?
8
Let w(t) = -14*t + 67. What is the tens digit of w(-33)?
2
Let c be 1 + -3 - (-16)/(-4). Let b = c + 21. What is the tens digit of b?
1
Suppose 2*z - 20 = -3*z. Suppose -315 = -3*p - z*q + q, p - 2*q - 111 = 0. Suppose -4*m + p = w + 2, m + 3*w = 40. What is the units digit of m?
5
Let h = 4642 + -87. What is the tens digit of h?
5
Let n = 11 - 21. What is the tens digit of 68/n*25/(-10)?
1
Suppose 2*y + 7312 = 6*y + c, -2*y - 3*c + 3646 = 0. What is the thousands digit of y?
1
Let t(z) = 2*z**2 + z - 7. Let h be t(-3). Suppose h = -s + 5*s. Suppose -v = 2*y - s*v - 57, 3*v = 3*y - 81. What is the units digit of y?
0
Let f(o) = 34*o - 17. Let n be f(10). Let l = n + -58. What is the tens digit of l?
6
Let h = 340 - 247. What is the tens digit of h?
9
Suppose -5*v + 2074 = 4*n, 3*n + 13*v - 1565 = 14*v. What is the tens digit of n?
2
Let w(s) = -460*s + 39. What is the thousands digit of w(-4)?
1
Suppose -3*j + o + 3895 = 0, j = 2*j + 2*o - 1289. What is the units digit of j?
7
Suppose 3*h - 4*h + 198 = 0. Suppose -3*g + 180 = 3*l - h, 5*g - 642 = l. What is the units digit of g?
8
What is the thousands digit of ((-4)/3)/(-3*(-7)/(-61992))?
3
Let p = -1516 + 3966. What is the units digit of p?
0
What is the hundreds digit of ((-4)/(-10))/((1 + 5)/3270)?
2
Let y(j) = j**3 + 13*j**2 - 4*j. Suppose -7 = 2*m + 5. What is the hundreds digit of y(m)?
2
What is the tens digit of (11500/35)/(22/231)?
5
Let k(d) = d**3 + 19*d**2 + 17*d - 15. Let q be k(-18). What is the tens digit of 7 - q - (-100)/2?
5
Let h(t) = -t**3 + 2*t**2 + 4*t + 2. Let a be h(-2). Let o = -9 + a. Suppose -2*u + 27 = -o. What is the units digit of u?
4
Suppose -21 = -2*u + 3*z, -2*z = 3*z + 25. Let b = -7 + u. Let l = b - -21. What is the tens digit of l?
1
Let g(t) = 42*t**2 - 85*t + 419. What is the thousands digit of g(5)?
1
Let g(t) = t - 2. Suppose 3*l = 1 + 5. Let p be g(l). Suppose p = -3*c + 16 - 1. What is the units digit of c?
5
Suppose -3*c - 3 = 3. Let x be (c - -1) + 2 + 3. Suppose x*n - 12 - 24 = 0. What is the units digit of n?
9
Suppose 11 + 2 = -w. Suppose 0 = j - 11*j - 190. Let t = w - j. What is the units digit of t?
6
Suppose -5*a = 3*n - 0*n + 64, -2*n - 2*a = 40. Let k be (-94)/n + 12/(-54). Suppose -28 = -s - l, -k*s + 67 = 3*l - 65. What is the tens digit of s?
2
Suppose -2*o + 4*n = 3*n - 1484, 0 = 2*n - 8. What is the tens digit of o?
4
Suppose -2*v - 3*p = -993, -3*v - 4*p - 472 = -1960. Let c = -323 + v. What is the hundreds digit of c?
1
What is the units digit of (7 + (-186)/24)/(1/(-832))?
4
Let m(l) = -l**2 + 12*l - 11. Let w be m(8). Suppose -5*k + 133 = 4*f, 4*k = 3*k + 2*f + w. What is the units digit of k?
5
Let s = 15 - 60. Let h be 665/s - (-4)/(-18). Let d = h - -64. What is the tens digit of d?
4
Let x = 1317 + -673. What is the units digit of x?
4
Suppose 3*o = -o + 1460. What is the tens digit of o?
6
Suppose 5*j - 22 = -4*f, -8 = -j - 4*f + 2*f. Suppose -j*v = -3*v - 12. Let l = -5 - v. What is the units digit of l?
7
Suppose 820 = -314*g + 315*g. What is the hundreds digit of g?
8
Suppose 480 = -33*l + 39*l. What is the tens digit of l?
8
Let t(f) = -f**2 - 1. Let d(p) = p**2 - 17*p + 3. Let l(v) = -d(v) - 2*t(v). What is the tens digit